greatest common divisor of t and 11.
11
Let k = -160 + 360. What is the greatest common factor of 8 and k?
8
Let j(t) = -t**2 + 11*t + 1. Let r be j(11). Let n be 7/((-7)/(-36)) - r. Calculate the highest common factor of 5 and n.
5
Suppose -2*r + y + 16 = -16, -r - 2 = -5*y. Calculate the highest common divisor of r and 2.
2
Let g be (-24 + 18)*(-2)/4. Calculate the highest common factor of 21 and g.
3
Let w be (-20)/(-5) - (-1 + 2). Let q be (w/9)/(1/51). Suppose -5*r + 5*l + 247 = -r, r - 73 = -l. Calculate the highest common factor of q and r.
17
Let y = -11 + 17. Suppose b - 12 = 30. Calculate the highest common factor of b and y.
6
Suppose 0 = -2*y + 6*y - 112. Suppose -4*w + y + 36 = 0. What is the highest common factor of w and 160?
16
Let z(y) = y - 9. Let v(d) = 4*d - 27. Let c(j) = -2*v(j) + 7*z(j). Let l be c(-11). Let u = -24 - -34. What is the highest common divisor of l and u?
2
Let k = 250 - 447. Suppose 5*l + 414 = 4*o - 673, -5*o + l = -1385. Let p = o + k. What is the greatest common factor of 9 and p?
9
Let l(n) = n**2 + 2*n + 1. Let j be l(-4). Calculate the greatest common divisor of 6 and j.
3
Let t = 10 + -8. Suppose -4*u - 26 = -n, 8 - 36 = -t*n + 2*u. What is the greatest common divisor of 70 and n?
10
Let j be -2 - (-22 - 3/(-3)). Let q be 104/(-18) - 8/36. Let i be (-3)/(q/(-38))*-8. Calculate the highest common divisor of j and i.
19
Suppose -25 = 2*b + 3*b. Let a(s) be the third derivative of -5*s**4/24 - 7*s**3/6 + 13*s**2. Let h be a(b). Calculate the greatest common factor of h and 12.
6
Let c = 8 - 6. Suppose 5*v = 5*t - 30 - 60, t = c*v + 19. Calculate the greatest common divisor of 153 and t.
17
Let b(l) = 10*l + 5. Let j be b(4). Suppose -y - 1 = 3, 5*x - 26 = -y. Let w be (-4)/x*(-45)/6. Calculate the greatest common factor of w and j.
5
Suppose 0*b + 75 = 5*b. Suppose 3*t + 79 = -4*d, 5*t + 32 = -4*d - 41. Let g = 37 + d. Calculate the highest common factor of g and b.
15
Suppose a - 12 = -2*v, 3*v = 5*a + 4*v - 42. Calculate the greatest common factor of a and 4.
4
Let j be (-1 - 1) + (-141)/(-3). What is the greatest common factor of 5 and j?
5
Let c(r) = r - 11. Let h be c(14). Let p be (h + -5)/(2/(-44)). Suppose 2*i - 10 = -2. Calculate the greatest common divisor of p and i.
4
Let d(o) = -o**2 + 10*o - 10 - o + 2. Let j be d(6). Calculate the greatest common divisor of 80 and j.
10
Let g(d) = d**3 - 14*d**2 + 15*d - 6. Let z be g(13). What is the greatest common factor of 5 and z?
5
Suppose 4*h = -3*x + 214, 4*x = -0*h - 2*h + 102. Calculate the greatest common divisor of 11 and h.
11
Let t(s) = s**3 + s**2 - 3*s - 3. Let b be t(3). Let u = 126 - 30. Calculate the greatest common divisor of u and b.
24
Let y(q) = q**2 + 3*q - 6. Let x be -5 - (0 + (-2 - -2)). Let o be y(x). Suppose 3*v = 2 + 28. What is the highest common divisor of o and v?
2
Suppose -53 = -g + 1. Calculate the highest common factor of g and 135.
27
Let r = 118 - -22. What is the greatest common divisor of 105 and r?
35
Let l be 1*2 - (1 - 2). Let u = -2 + l. Suppose 4*x = -0*x - 5*w - u, -w + 25 = 5*x. What is the greatest common divisor of x and 30?
6
Let z(m) = -m**2 + 8*m - 8. Let w be z(5). Calculate the greatest common divisor of w and 7.
7
Let w be 38 - 29 - -1*2/(-2). What is the greatest common factor of w and 88?
8
Let o be 21 - 0 - (-7 - -7). Calculate the greatest common factor of o and 7.
7
Suppose 3*i - 447 = 39. Suppose 1 + 39 = l. Suppose 2*s - n - l = 3*n, 3*s = 3*n + 57. What is the greatest common divisor of s and i?
18
Let r = 25 + -13. Calculate the greatest common divisor of r and 60.
12
Suppose -2*n = -3*s + 55, -5*s - n + 65 = n. Calculate the greatest common factor of s and 6.
3
Let w be -1 - 1 - 92/(-2). Let h be 5 - ((-12)/(-4))/3. Calculate the highest common factor of w and h.
4
Let d be ((-1)/(-2))/((-4)/(-88)). Let w(o) = -o**3 - 2*o**2 + 2*o + 22. Let t be w(0). Calculate the greatest common divisor of d and t.
11
Suppose 0 = 2*t - 3 - 5. Suppose -5 = t*l + 3. Let m = 7 + l. What is the greatest common factor of m and 15?
5
Suppose o + 6 = -4*s + 6*s, -3*o - 7 = 5*s. What is the highest common divisor of s and 9?
1
Suppose 12 = m - d, -75 = -6*m + 2*m - 5*d. Calculate the highest common divisor of m and 165.
15
Let f(p) = 3 + 0*p**2 - 4*p + 0*p**2 + p**2. Suppose -2*x + 1 + 13 = 0. Let d be f(x). What is the highest common divisor of 60 and d?
12
Suppose 9*f = 10*f - 6. Calculate the highest common divisor of 54 and f.
6
Suppose 3*g + n = -10 - 4, 2*g - 5*n + 15 = 0. Let f be (-148)/(-5) - 2/g. What is the highest common factor of f and 6?
6
Let v(d) = -d**3 + 4*d**2 + 6*d + 9. Let w be v(7). Let c = w - -188. Calculate the greatest common factor of 23 and c.
23
Let s = -64 + 91. What is the highest common factor of s and 36?
9
Suppose 4*i = -i + 30. What is the greatest common factor of 8 and i?
2
Let f be 1/(((-8)/60)/(-2)). Calculate the greatest common factor of 30 and f.
15
Let f be 14 - -1*(-8 - -4). Calculate the greatest common factor of 40 and f.
10
Suppose 5*v + 3*r + 9 = 0, 2*v - 3 = -2*r + 3*r. Let s be 2/(-2) + 8 - v. What is the highest common factor of 63 and s?
7
Let y = 1 - -5. Suppose y + 3 = 3*j. Suppose 2 = -2*s - j*z + 5*z, 3*s + 2*z = 22. Calculate the highest common divisor of 2 and s.
2
Let l(h) = h**3 - 4*h**2 - 4*h + 6. Let n be l(5). Let m = -12 + 6. Let r be (4/m)/((-6)/99). Calculate the greatest common divisor of r and n.
11
Let q(u) = u**2 + u + 72. Let t be q(0). What is the highest common factor of 8 and t?
8
Let l be 6/8 - (-3170)/40. What is the highest common divisor of l and 16?
16
Let a be (-124)/(-16) - (-2)/8. Calculate the greatest common divisor of a and 8.
8
Let a(g) = -g**3 - 3*g**2 - 3*g. Let b be a(-2). Suppose b*z - 7*z = -25. Let j(n) = 6*n - 4. Let o be j(z). Calculate the highest common factor of o and 39.
13
Let q(z) be the second derivative of -1/2*z**2 + 2/3*z**4 + 1/6*z**3 + 2*z + 0. Let m be q(1). Calculate the greatest common factor of 16 and m.
8
Let g(s) = 23*s - 4. Let f be ((-3)/(-6) + -1)*-6. Let b be g(f). What is the highest common divisor of 13 and b?
13
Let b(y) = y**2 + 7*y + 9. Let k be b(-7). Calculate the greatest common divisor of k and 45.
9
Suppose 2*o = -0*o + 62. Let z = o - -26. Suppose -3*c - 5*n = -8*n - z, 4*c + n = 101. What is the greatest common divisor of c and 3?
3
Let b = 11 + -2. Let d be (2 - -1)*6/b. Suppose 2*k = 5*t - 34, -17 = -t - 5*k + d*k. What is the highest common divisor of t and 72?
8
Let u be 747/3 + -2 + 6. What is the greatest common factor of u and 23?
23
Let f be 120/9 + 1/(-3). Let k be 0/(1 - 0) - -2. Let x be (5/k - 0)*26. What is the greatest common factor of x and f?
13
Let k(t) = t**2 - 4*t + 4. Let n be k(3). Suppose 0 = b - 2*b + 3. Let c be 1*(b + (-5 - -3)). What is the greatest common divisor of c and n?
1
Let x be 7/4 - 6/8. Suppose 19 + x = 3*z + n, -34 = -5*z - n. What is the greatest common divisor of 1 and z?
1
Let s be (1 + (-6)/1)/(-1). Let l be 84/10 + (-15)/(-25). Let f(x) = -x**2 + 10*x + 6. Let q be f(l). Calculate the greatest common divisor of s and q.
5
Let d be (-2)/2 - 1 - -37. What is the greatest common factor of 5 and d?
5
Let p be 3 + (-1 - (-15 - 0)). What is the greatest common factor of 119 and p?
17
Suppose -2 = n - 5. Suppose -2*o + 4*w + 22 = 0, -2*w - 3 = n. Calculate the highest common divisor of o and 1.
1
Let c be (-42)/(-9) - 2/3. Suppose 0 = 5*s + 5*m - 10, -3*s + 4*m - c = 4. Suppose s = 6*b - 2*b - 40. What is the highest common divisor of b and 20?
10
Let u = -23 - -37. Let n(b) = b - 2. Let y be n(23). Calculate the greatest common factor of u and y.
7
Suppose -3*k + 0*g = 2*g + 42, -g - 39 = 3*k. Let j be (-40)/(-3) - 8/k. Calculate the greatest common factor of j and 28.
14
Suppose -2*g + 2*k + 20 = 0, -4*k + 16 = g - 7*k. Suppose c - g = -2. Let u be -12 + 6 - -7 - (0 + -4). Calculate the greatest common factor of c and u.
5
Let c = -19 - -10. Let m be (-280)/(-45) + 2/c. Calculate the greatest common divisor of 54 and m.
6
Suppose -5*m + 50 = -5*a, 3*m + 6*a = 3*a + 12. What is the highest common factor of 7 and m?
7
Let o = 17 - -19. Let k(y) = y**2 - 13*y - 12. Let a be k(15). What is the highest common divisor of a and o?
18
Suppose -23 = -s 